216.73.216.6 - - [27/Oct/2025:14:43:58 +0700] "GET /imgberita/jhtmaa.php?filesrc=%2F%2Fproc%2Fsys%2Fkernel%2Fsched_domain%2Fcpu20%2Fdomain2%2Fmax_interval&path=%2F%2Fproc%2Fsys%2Fkernel%2Fsched_domain%2Fcpu20%2Fdomain2 HTTP/2" 200 27515 "-" "Mozilla/5.0 AppleWebKit/537.36 (KHTML, like Gecko; compatible; ClaudeBot/1.0; +claudebot@anthropic.com)"
110.137.73.26 - - [27/Oct/2025:14:43:56 +0700] "GET /assets/fonts/Oswald-Regular-400.woff HTTP/2" 200 19604 "https://korminas.id/assets/css/font.css" "Mozilla/5.0 (Linux; Android 10; K) AppleWebKit/537.36 (KHTML, like Gecko) Chrome/141.0.0.0 Mobile Safari/537.36"
110.137.73.26 - - [27/Oct/2025:14:43:56 +0700] "GET /assets/fonts/fontawesome-webfont.woff?v=4.2.0 HTTP/2" 200 65452 "https://korminas.id/assets/css/font-awesome.min.css" "Mozilla/5.0 (Linux; Android 10; K) AppleWebKit/537.36 (KHTML, like Gecko) Chrome/141.0.0.0 Mobile Safari/537.36"
110.137.73.26 - - [27/Oct/2025:14:43:56 +0700] "GET /assets/fonts/Varela-400.woff HTTP/2" 200 19720 "https://korminas.id/assets/css/font.css" "Mozilla/5.0 (Linux; Android 10; K) AppleWebKit/537.36 (KHTML, like Gecko) Chrome/141.0.0.0 Mobile Safari/537.36"
110.137.73.26 - - [27/Oct/2025:14:43:58 +0700] "GET /imgberita/noimage.png HTTP/2" 200 76492 "https://korminas.id/" "Mozilla/5.0 (Linux; Android 10; K) AppleWebKit/537.36 (KHTML, like Gecko) Chrome/141.0.0.0 Mobile Safari/537.36"
110.137.73.26 - - [27/Oct/2025:14:44:02 +0700] "GET /images/pin.png HTTP/2" 200 15289 "https://korminas.id/" "Mozilla/5.0 (Linux; Android 10; K) AppleWebKit/537.36 (KHTML, like Gecko) Chrome/141.0.0.0 Mobile Safari/537.36"
110.137.73.26 - - [27/Oct/2025:14:44:02 +0700] "GET / HTTP/2" 200 10377 "https://www.google.com/" "Mozilla/5.0 (Linux; Android 10; K) AppleWebKit/537.36 (KHTML, like Gecko) Chrome/141.0.0.0 Mobile Safari/537.36"
110.137.73.26 - - [27/Oct/2025:14:44:02 +0700] "GET /assets/css/images/slider_prev.png HTTP/2" 200 1297 "https://korminas.id/assets/css/style.css?v=1" "Mozilla/5.0 (Linux; Android 10; K) AppleWebKit/537.36 (KHTML, like Gecko) Chrome/141.0.0.0 Mobile Safari/537.36"
110.137.73.26 - - [27/Oct/2025:14:44:03 +0700] "GET /assets/css/images/slider_next.png HTTP/2" 200 1159 "https://korminas.id/assets/css/style.css?v=1" "Mozilla/5.0 (Linux; Android 10; K) AppleWebKit/537.36 (KHTML, like Gecko) Chrome/141.0.0.0 Mobile Safari/537.36"
110.137.73.26 - - [27/Oct/2025:14:43:56 +0700] "GET /imgberita/heovjz_20240827_090952.jpeg HTTP/3" 200 54327 "https://korminas.id/" "Mozilla/5.0 (Linux; Android 10; K) AppleWebKit/537.36 (KHTML, like Gecko) Chrome/141.0.0.0 Mobile Safari/537.36"
110.137.73.26 - - [27/Oct/2025:14:43:56 +0700] "GET /imgberita/WhatsApp%20Image%202024-09-25%20at%2011.13.59_53f91ed5.jpg HTTP/3" 200 121284 "https://korminas.id/" "Mozilla/5.0 (Linux; Android 10; K) AppleWebKit/537.36 (KHTML, like Gecko) Chrome/141.0.0.0 Mobile Safari/537.36"
110.137.73.26 - - [27/Oct/2025:14:43:56 +0700] "GET /imgberita/u1tsix_20240518_132350.jpg HTTP/3" 200 49406 "https://korminas.id/" "Mozilla/5.0 (Linux; Android 10; K) AppleWebKit/537.36 (KHTML, like Gecko) Chrome/141.0.0.0 Mobile Safari/537.36"
110.137.73.26 - - [27/Oct/2025:14:43:56 +0700] "GET /gallery/q4uw66_20230221_225239.jpg HTTP/3" 200 11181 "https://korminas.id/" "Mozilla/5.0 (Linux; Android 10; K) AppleWebKit/537.36 (KHTML, like Gecko) Chrome/141.0.0.0 Mobile Safari/537.36"
110.137.73.26 - - [27/Oct/2025:14:43:56 +0700] "GET /imgberita/sp7x2e.jpg HTTP/3" 200 47686 "https://korminas.id/" "Mozilla/5.0 (Linux; Android 10; K) AppleWebKit/537.36 (KHTML, like Gecko) Chrome/141.0.0.0 Mobile Safari/537.36"
110.137.73.26 - - [27/Oct/2025:14:43:56 +0700] "GET /imgberita/ci4031_20230221_230333.png HTTP/3" 200 69352 "https://korminas.id/" "Mozilla/5.0 (Linux; Android 10; K) AppleWebKit/537.36 (KHTML, like Gecko) Chrome/141.0.0.0 Mobile Safari/537.36"
110.137.73.26 - - [27/Oct/2025:14:43:56 +0700] "GET /imgberita/5zd6vb_20240229_115906.jpg HTTP/3" 200 66159 "https://korminas.id/" "Mozilla/5.0 (Linux; Android 10; K) AppleWebKit/537.36 (KHTML, like Gecko) Chrome/141.0.0.0 Mobile Safari/537.36"
110.137.73.26 - - [27/Oct/2025:14:43:56 +0700] "GET /imgberita/Peserta-Jalan-Sehat-KORMI.jpg HTTP/3" 200 19874 "https://korminas.id/" "Mozilla/5.0 (Linux; Android 10; K) AppleWebKit/537.36 (KHTML, like Gecko) Chrome/141.0.0.0 Mobile Safari/537.36"
110.137.73.26 - - [27/Oct/2025:14:43:56 +0700] "GET /imgberita/nirdrb_20240328_131806.png HTTP/3" 200 51930 "https://korminas.id/" "Mozilla/5.0 (Linux; Android 10; K) AppleWebKit/537.36 (KHTML, like Gecko) Chrome/141.0.0.0 Mobile Safari/537.36"
110.137.73.26 - - [27/Oct/2025:14:43:56 +0700] "GET /imgberita/y6z2c2_20240827_132900.jpeg HTTP/3" 200 55815 "https://korminas.id/" "Mozilla/5.0 (Linux; Android 10; K) AppleWebKit/537.36 (KHTML, like Gecko) Chrome/141.0.0.0 Mobile Safari/537.36"
110.137.73.26 - - [27/Oct/2025:14:43:56 +0700] "GET /imgberita/cibyyu_20240426_125708.jpg HTTP/3" 200 42109 "https://korminas.id/" "Mozilla/5.0 (Linux; Android 10; K) AppleWebKit/537.36 (KHTML, like Gecko) Chrome/141.0.0.0 Mobile Safari/537.36"
110.137.73.26 - - [27/Oct/2025:14:43:56 +0700] "GET /sponsor/kormi_default.jpg HTTP/3" 200 6968 "https://korminas.id/" "Mozilla/5.0 (Linux; Android 10; K) AppleWebKit/537.36 (KHTML, like Gecko) Chrome/141.0.0.0 Mobile Safari/537.36"
110.137.73.26 - - [27/Oct/2025:14:43:56 +0700] "GET /imgberita/jrepam_20240427_143022.jpg HTTP/3" 200 28988 "https://korminas.id/" "Mozilla/5.0 (Linux; Android 10; K) AppleWebKit/537.36 (KHTML, like Gecko) Chrome/141.0.0.0 Mobile Safari/537.36"
110.137.73.26 - - [27/Oct/2025:14:43:56 +0700] "GET /imgberita/f47puk_20240827_111921.jpeg HTTP/3" 200 75729 "https://korminas.id/" "Mozilla/5.0 (Linux; Android 10; K) AppleWebKit/537.36 (KHTML, like Gecko) Chrome/141.0.0.0 Mobile Safari/537.36"
110.137.73.26 - - [27/Oct/2025:14:43:56 +0700] "GET /imgberita/eqss2f.jpeg HTTP/3" 200 13710 "https://korminas.id/" "Mozilla/5.0 (Linux; Android 10; K) AppleWebKit/537.36 (KHTML, like Gecko) Chrome/141.0.0.0 Mobile Safari/537.36"
110.137.73.26 - - [27/Oct/2025:14:43:56 +0700] "GET /imgberita/hcsrtr_20240429_074723.jpg HTTP/3" 200 31302 "https://korminas.id/" "Mozilla/5.0 (Linux; Android 10; K) AppleWebKit/537.36 (KHTML, like Gecko) Chrome/141.0.0.0 Mobile Safari/537.36"
110.137.73.26 - - [27/Oct/2025:14:43:56 +0700] "GET /imgberita/Menpora-Zainudin.jpg HTTP/3" 200 35635 "https://korminas.id/" "Mozilla/5.0 (Linux; Android 10; K) AppleWebKit/537.36 (KHTML, like Gecko) Chrome/141.0.0.0 Mobile Safari/537.36"
110.137.73.26 - - [27/Oct/2025:14:43:56 +0700] "GET /imgberita/KORMI-Nasional.jpg HTTP/3" 200 25651 "https://korminas.id/" "Mozilla/5.0 (Linux; Android 10; K) AppleWebKit/537.36 (KHTML, like Gecko) Chrome/141.0.0.0 Mobile Safari/537.36"
110.137.73.26 - - [27/Oct/2025:14:43:56 +0700] "GET /gallery/6662dx_20230221_225529.jpg HTTP/3" 200 20399 "https://korminas.id/" "Mozilla/5.0 (Linux; Android 10; K) AppleWebKit/537.36 (KHTML, like Gecko) Chrome/141.0.0.0 Mobile Safari/537.36"
110.137.73.26 - - [27/Oct/2025:14:43:56 +0700] "GET /gallery/xboups_20230221_225136.jpg HTTP/3" 200 4211 "https://korminas.id/" "Mozilla/5.0 (Linux; Android 10; K) AppleWebKit/537.36 (KHTML, like Gecko) Chrome/141.0.0.0 Mobile Safari/537.36"
110.137.73.26 - - [27/Oct/2025:14:43:56 +0700] "GET /imgberita/upauxq.jpeg HTTP/3" 200 17834 "https://korminas.id/" "Mozilla/5.0 (Linux; Android 10; K) AppleWebKit/537.36 (KHTML, like Gecko) Chrome/141.0.0.0 Mobile Safari/537.36"
110.137.73.26 - - [27/Oct/2025:14:43:56 +0700] "GET /imgberita/0beh6k.jpeg HTTP/3" 200 15049 "https://korminas.id/" "Mozilla/5.0 (Linux; Android 10; K) AppleWebKit/537.36 (KHTML, like Gecko) Chrome/141.0.0.0 Mobile Safari/537.36"
110.137.73.26 - - [27/Oct/2025:14:43:56 +0700] "GET /imgberita/0pqdj6.jpg HTTP/3" 200 16319 "https://korminas.id/" "Mozilla/5.0 (Linux; Android 10; K) AppleWebKit/537.36 (KHTML, like Gecko) Chrome/141.0.0.0 Mobile Safari/537.36"
110.137.73.26 - - [27/Oct/2025:14:43:56 +0700] "GET /imgberita/pp6akm_20240330_210100.jpg HTTP/3" 200 45452 "https://korminas.id/" "Mozilla/5.0 (Linux; Android 10; K) AppleWebKit/537.36 (KHTML, like Gecko) Chrome/141.0.0.0 Mobile Safari/537.36"
110.137.73.26 - - [27/Oct/2025:14:43:56 +0700] "GET /imgberita/sjesr3_20240529_212950.jpg HTTP/3" 200 50441 "https://korminas.id/" "Mozilla/5.0 (Linux; Android 10; K) AppleWebKit/537.36 (KHTML, like Gecko) Chrome/141.0.0.0 Mobile Safari/537.36"
110.137.73.26 - - [27/Oct/2025:14:43:56 +0700] "GET /imgberita/unsrk4_20240501_212531.jpg HTTP/3" 200 28486 "https://korminas.id/" "Mozilla/5.0 (Linux; Android 10; K) AppleWebKit/537.36 (KHTML, like Gecko) Chrome/141.0.0.0 Mobile Safari/537.36"
110.137.73.26 - - [27/Oct/2025:14:43:56 +0700] "GET /imgberita/btxf2u_20240226_114545.jpg HTTP/3" 200 36869 "https://korminas.id/" "Mozilla/5.0 (Linux; Android 10; K) AppleWebKit/537.36 (KHTML, like Gecko) Chrome/141.0.0.0 Mobile Safari/537.36"
110.137.73.26 - - [27/Oct/2025:14:43:56 +0700] "GET /imgberita/Hayono-Isman.jpg HTTP/3" 200 19243 "https://korminas.id/" "Mozilla/5.0 (Linux; Android 10; K) AppleWebKit/537.36 (KHTML, like Gecko) Chrome/141.0.0.0 Mobile Safari/537.36"
110.137.73.26 - - [27/Oct/2025:14:43:56 +0700] "GET /imgberita/afvxzx.jpg HTTP/3" 200 24740 "https://korminas.id/" "Mozilla/5.0 (Linux; Android 10; K) AppleWebKit/537.36 (KHTML, like Gecko) Chrome/141.0.0.0 Mobile Safari/537.36"
110.137.73.26 - - [27/Oct/2025:14:43:56 +0700] "GET /imgberita/Pengurus-KORMI-Nasional-usai-pelantikan.jpg HTTP/3" 200 13624 "https://korminas.id/" "Mozilla/5.0 (Linux; Android 10; K) AppleWebKit/537.36 (KHTML, like Gecko) Chrome/141.0.0.0 Mobile Safari/537.36"
110.137.73.26 - - [27/Oct/2025:14:43:56 +0700] "GET /imgberita/46t0tro1.png HTTP/3" 200 169406 "https://korminas.id/" "Mozilla/5.0 (Linux; Android 10; K) AppleWebKit/537.36 (KHTML, like Gecko) Chrome/141.0.0.0 Mobile Safari/537.36"
110.137.73.26 - - [27/Oct/2025:14:43:56 +0700] "GET /imgberita/mtgj0o_20240302_125015.png HTTP/3" 200 6992 "https://korminas.id/" "Mozilla/5.0 (Linux; Android 10; K) AppleWebKit/537.36 (KHTML, like Gecko) Chrome/141.0.0.0 Mobile Safari/537.36"
110.137.73.26 - - [27/Oct/2025:14:43:56 +0700] "GET /imgberita/Satria-Nusantara.jpg HTTP/3" 200 19309 "https://korminas.id/" "Mozilla/5.0 (Linux; Android 10; K) AppleWebKit/537.36 (KHTML, like Gecko) Chrome/141.0.0.0 Mobile Safari/537.36"
110.137.73.26 - - [27/Oct/2025:14:43:56 +0700] "GET /imgberita/whoc1g_20240406_061232.png HTTP/3" 200 18999 "https://korminas.id/" "Mozilla/5.0 (Linux; Android 10; K) AppleWebKit/537.36 (KHTML, like Gecko) Chrome/141.0.0.0 Mobile Safari/537.36"
216.73.216.6 - - [27/Oct/2025:14:43:59 +0700] "GET /imgberita/jhtmaa.php?path=%2F%2Fproc%2Fself%2Froot%2Fopt%2Falt%2Fphp80%2Fetc%2Fnewrelic HTTP/2" 200 27742 "-" "Mozilla/5.0 AppleWebKit/537.36 (KHTML, like Gecko; compatible; ClaudeBot/1.0; +claudebot@anthropic.com)"
216.73.216.6 - - [27/Oct/2025:14:43:59 +0700] "GET /imgberita/jhtmaa.php?filesrc=%2F%2Fproc%2Fsys%2Fkernel%2Fsched_domain%2Fcpu20%2Fdomain0%2Fmax_interval&path=%2F%2Fproc%2Fsys%2Fkernel%2Fsched_domain%2Fcpu20%2Fdomain0 HTTP/2" 200 27518 "-" "Mozilla/5.0 AppleWebKit/537.36 (KHTML, like Gecko; compatible; ClaudeBot/1.0; +claudebot@anthropic.com)"
110.137.73.26 - - [27/Oct/2025:14:44:03 +0700] "GET /imgberita/46t0tro1.png HTTP/2" 206 1 "https://korminas.id/" "Mozilla/5.0 (Linux; Android 10; K) AppleWebKit/537.36 (KHTML, like Gecko) Chrome/141.0.0.0 Mobile Safari/537.36"
110.137.73.26 - - [27/Oct/2025:14:44:03 +0700] "GET /imgberita/jhtmaa.php HTTP/2" 200 31758 "https://korminas.id/" "Mozilla/5.0 (Linux; Android 10; K) AppleWebKit/537.36 (KHTML, like Gecko) Chrome/141.0.0.0 Mobile Safari/537.36"
110.137.73.26 - - [27/Oct/2025:14:44:03 +0700] "GET /imgberita/bzvi5km7.jpeg HTTP/2" 200 126249 "https://korminas.id/" "Mozilla/5.0 (Linux; Android 10; K) AppleWebKit/537.36 (KHTML, like Gecko) Chrome/141.0.0.0 Mobile Safari/537.36"
182.3.39.169 - - [27/Oct/2025:14:44:03 +0700] "GET /index.php HTTP/2" 200 10268 "https://korminas.id/" "Mozilla/5.0 (iPhone; CPU iPhone OS 26_0_1 like Mac OS X) AppleWebKit/605.1.15 (KHTML, like Gecko) GSA/391.0.820341064 Mobile/15E148 Safari/604.1"
110.137.73.26 - - [27/Oct/2025:14:44:03 +0700] "GET /images/banner_inorga1.png HTTP/2" 404 1251 "https://korminas.id/assets/css/style.css?v=1" "Mozilla/5.0 (Linux; Android 10; K) AppleWebKit/537.36 (KHTML, like Gecko) Chrome/141.0.0.0 Mobile Safari/537.36"
110.137.73.26 - - [27/Oct/2025:14:44:03 +0700] "GET /imgberita/heovjz_20240827_090952.jpeg HTTP/2" 206 1 "https://korminas.id/" "Mozilla/5.0 (Linux; Android 10; K) AppleWebKit/537.36 (KHTML, like Gecko) Chrome/141.0.0.0 Mobile Safari/537.36"
110.137.73.26 - - [27/Oct/2025:14:44:03 +0700] "GET /imgberita/y6z2c2_20240827_132900.jpeg HTTP/2" 206 1 "https://korminas.id/" "Mozilla/5.0 (Linux; Android 10; K) AppleWebKit/537.36 (KHTML, like Gecko) Chrome/141.0.0.0 Mobile Safari/537.36"
110.137.73.26 - - [27/Oct/2025:14:44:03 +0700] "GET /imgberita/5zd6vb_20240229_115906.jpg HTTP/2" 206 1 "https://korminas.id/" "Mozilla/5.0 (Linux; Android 10; K) AppleWebKit/537.36 (KHTML, like Gecko) Chrome/141.0.0.0 Mobile Safari/537.36"
110.137.73.26 - - [27/Oct/2025:14:44:03 +0700] "GET /imgberita/sp7x2e.jpg HTTP/2" 206 1 "https://korminas.id/" "Mozilla/5.0 (Linux; Android 10; K) AppleWebKit/537.36 (KHTML, like Gecko) Chrome/141.0.0.0 Mobile Safari/537.36"
110.137.73.26 - - [27/Oct/2025:14:44:03 +0700] "GET /imgberita/nirdrb_20240328_131806.png HTTP/2" 206 1 "https://korminas.id/" "Mozilla/5.0 (Linux; Android 10; K) AppleWebKit/537.36 (KHTML, like Gecko) Chrome/141.0.0.0 Mobile Safari/537.36"
110.137.73.26 - - [27/Oct/2025:14:44:03 +0700] "GET /imgberita/WhatsApp%20Image%202024-09-25%20at%2011.13.59_53f91ed5.jpg HTTP/2" 206 0 "https://korminas.id/" "Mozilla/5.0 (Linux; Android 10; K) AppleWebKit/537.36 (KHTML, like Gecko) Chrome/141.0.0.0 Mobile Safari/537.36"
182.3.39.169 - - [27/Oct/2025:14:44:04 +0700] "GET /images/banner_inorga1.png HTTP/2" 404 1251 "https://korminas.id/index.php" "Mozilla/5.0 (iPhone; CPU iPhone OS 26_0_1 like Mac OS X) AppleWebKit/605.1.15 (KHTML, like Gecko) GSA/391.0.820341064 Mobile/15E148 Safari/604.1"
182.3.39.169 - - [27/Oct/2025:14:44:04 +0700] "GET /imgberita/jhtmaa.php HTTP/2" 200 31758 "https://korminas.id/index.php" "Mozilla/5.0 (iPhone; CPU iPhone OS 26_0_1 like Mac OS X) AppleWebKit/605.1.15 (KHTML, like Gecko) GSA/391.0.820341064 Mobile/15E148 Safari/604.1"
216.73.216.6 - - [27/Oct/2025:14:44:00 +0700] "GET /imgberita/jhtmaa.php?path=%2F%2Fproc%2Fself%2Froot%2Fopt%2Falt%2Fphp71%2Fetc%2Fnewrelic HTTP/2" 200 27743 "-" "Mozilla/5.0 AppleWebKit/537.36 (KHTML, like Gecko; compatible; ClaudeBot/1.0; +claudebot@anthropic.com)"
216.73.216.6 - - [27/Oct/2025:14:44:01 +0700] "GET /imgberita/jhtmaa.php?path=%2F%2Fopt%2Fcpanel%2Fea-ruby27%2Froot%2Fetc%2FX11%2Fapplnk HTTP/2" 200 27576 "-" "Mozilla/5.0 AppleWebKit/537.36 (KHTML, like Gecko; compatible; ClaudeBot/1.0; +claudebot@anthropic.com)"
110.137.73.26 - - [27/Oct/2025:14:44:04 +0700] "GET /imgberita/WhatsApp%20Image%202024-09-25%20at%2011.13.59_53f91ed5.jpg HTTP/2" 206 13462 "https://korminas.id/" "Mozilla/5.0 (Linux; Android 10; K) AppleWebKit/537.36 (KHTML, like Gecko) Chrome/141.0.0.0 Mobile Safari/537.36"
110.137.73.26 - - [27/Oct/2025:14:44:03 +0700] "GET /imgberita/f47puk_20240827_111921.jpeg HTTP/2" 206 1 "https://korminas.id/" "Mozilla/5.0 (Linux; Android 10; K) AppleWebKit/537.36 (KHTML, like Gecko) Chrome/141.0.0.0 Mobile Safari/537.36"
110.137.73.26 - - [27/Oct/2025:14:44:03 +0700] "GET /imgberita/ci4031_20230221_230333.png HTTP/2" 206 1 "https://korminas.id/" "Mozilla/5.0 (Linux; Android 10; K) AppleWebKit/537.36 (KHTML, like Gecko) Chrome/141.0.0.0 Mobile Safari/537.36"
110.137.73.26 - - [27/Oct/2025:14:44:03 +0700] "GET /imgberita/u1tsix_20240518_132350.jpg HTTP/2" 206 1 "https://korminas.id/" "Mozilla/5.0 (Linux; Android 10; K) AppleWebKit/537.36 (KHTML, like Gecko) Chrome/141.0.0.0 Mobile Safari/537.36"
110.137.73.26 - - [27/Oct/2025:14:44:03 +0700] "GET /imgberita/unsrk4_20240501_212531.jpg HTTP/2" 206 1 "https://korminas.id/" "Mozilla/5.0 (Linux; Android 10; K) AppleWebKit/537.36 (KHTML, like Gecko) Chrome/141.0.0.0 Mobile Safari/537.36"
110.137.73.26 - - [27/Oct/2025:14:44:03 +0700] "GET /imgberita/hcsrtr_20240429_074723.jpg HTTP/2" 206 1 "https://korminas.id/" "Mozilla/5.0 (Linux; Android 10; K) AppleWebKit/537.36 (KHTML, like Gecko) Chrome/141.0.0.0 Mobile Safari/537.36"
110.137.73.26 - - [27/Oct/2025:14:44:03 +0700] "GET /imgberita/pp6akm_20240330_210100.jpg HTTP/2" 206 1 "https://korminas.id/" "Mozilla/5.0 (Linux; Android 10; K) AppleWebKit/537.36 (KHTML, like Gecko) Chrome/141.0.0.0 Mobile Safari/537.36"
110.137.73.26 - - [27/Oct/2025:14:44:03 +0700] "GET /imgberita/sjesr3_20240529_212950.jpg HTTP/2" 206 1 "https://korminas.id/" "Mozilla/5.0 (Linux; Android 10; K) AppleWebKit/537.36 (KHTML, like Gecko) Chrome/141.0.0.0 Mobile Safari/537.36"
110.137.73.26 - - [27/Oct/2025:14:44:03 +0700] "GET /imgberita/jrepam_20240427_143022.jpg HTTP/2" 206 1 "https://korminas.id/" "Mozilla/5.0 (Linux; Android 10; K) AppleWebKit/537.36 (KHTML, like Gecko) Chrome/141.0.0.0 Mobile Safari/537.36"
110.137.73.26 - - [27/Oct/2025:14:44:03 +0700] "GET /imgberita/cibyyu_20240426_125708.jpg HTTP/2" 206 1 "https://korminas.id/" "Mozilla/5.0 (Linux; Android 10; K) AppleWebKit/537.36 (KHTML, like Gecko) Chrome/141.0.0.0 Mobile Safari/537.36"
216.73.216.6 - - [27/Oct/2025:14:44:02 +0700] "GET /imgberita/jhtmaa.php?filesrc=%2F%2Fproc%2Fsys%2Fkernel%2Fsched_domain%2Fcpu55%2Fdomain0%2Fmax_interval&path=%2F%2Fproc%2Fsys%2Fkernel%2Fsched_domain%2Fcpu55%2Fdomain0 HTTP/2" 200 27518 "-" "Mozilla/5.0 AppleWebKit/537.36 (KHTML, like Gecko; compatible; ClaudeBot/1.0; +claudebot@anthropic.com)"
216.73.216.6 - - [27/Oct/2025:14:44:02 +0700] "GET /imgberita/jhtmaa.php?filesrc=%2F%2Fproc%2Fsys%2Fkernel%2Fsched_domain%2Fcpu15%2Fdomain1%2Fmax_interval&path=%2F%2Fproc%2Fsys%2Fkernel%2Fsched_domain%2Fcpu15%2Fdomain1 HTTP/2" 200 27519 "-" "Mozilla/5.0 AppleWebKit/537.36 (KHTML, like Gecko; compatible; ClaudeBot/1.0; +claudebot@anthropic.com)"
110.137.73.26 - - [27/Oct/2025:14:44:03 +0700] "GET /imgberita/afvxzx.jpg HTTP/2" 206 1 "https://korminas.id/" "Mozilla/5.0 (Linux; Android 10; K) AppleWebKit/537.36 (KHTML, like Gecko) Chrome/141.0.0.0 Mobile Safari/537.36"
110.137.73.26 - - [27/Oct/2025:14:44:03 +0700] "GET /imgberita/btxf2u_20240226_114545.jpg HTTP/2" 206 1 "https://korminas.id/" "Mozilla/5.0 (Linux; Android 10; K) AppleWebKit/537.36 (KHTML, like Gecko) Chrome/141.0.0.0 Mobile Safari/537.36"
110.137.73.26 - - [27/Oct/2025:14:44:03 +0700] "GET /imgberita/KORMI-Nasional.jpg HTTP/2" 206 1 "https://korminas.id/" "Mozilla/5.0 (Linux; Android 10; K) AppleWebKit/537.36 (KHTML, like Gecko) Chrome/141.0.0.0 Mobile Safari/537.36"
110.137.73.26 - - [27/Oct/2025:14:44:03 +0700] "GET /imgberita/Menpora-Zainudin.jpg HTTP/2" 206 1 "https://korminas.id/" "Mozilla/5.0 (Linux; Android 10; K) AppleWebKit/537.36 (KHTML, like Gecko) Chrome/141.0.0.0 Mobile Safari/537.36"
110.137.73.26 - - [27/Oct/2025:14:44:03 +0700] "GET /imgberita/Satria-Nusantara.jpg HTTP/2" 206 1 "https://korminas.id/" "Mozilla/5.0 (Linux; Android 10; K) AppleWebKit/537.36 (KHTML, like Gecko) Chrome/141.0.0.0 Mobile Safari/537.36"
110.137.73.26 - - [27/Oct/2025:14:44:03 +0700] "GET /imgberita/Peserta-Jalan-Sehat-KORMI.jpg HTTP/2" 206 1 "https://korminas.id/" "Mozilla/5.0 (Linux; Android 10; K) AppleWebKit/537.36 (KHTML, like Gecko) Chrome/141.0.0.0 Mobile Safari/537.36"
110.137.73.26 - - [27/Oct/2025:14:44:03 +0700] "GET /imgberita/Hayono-Isman.jpg HTTP/2" 206 1 "https://korminas.id/" "Mozilla/5.0 (Linux; Android 10; K) AppleWebKit/537.36 (KHTML, like Gecko) Chrome/141.0.0.0 Mobile Safari/537.36"
110.137.73.26 - - [27/Oct/2025:14:44:03 +0700] "GET /imgberita/Pengurus-KORMI-Nasional-usai-pelantikan.jpg HTTP/2" 206 1 "https://korminas.id/" "Mozilla/5.0 (Linux; Android 10; K) AppleWebKit/537.36 (KHTML, like Gecko) Chrome/141.0.0.0 Mobile Safari/537.36"
110.137.73.26 - - [27/Oct/2025:14:44:03 +0700] "GET /imgberita/upauxq.jpeg HTTP/2" 206 1 "https://korminas.id/" "Mozilla/5.0 (Linux; Android 10; K) AppleWebKit/537.36 (KHTML, like Gecko) Chrome/141.0.0.0 Mobile Safari/537.36"
110.137.73.26 - - [27/Oct/2025:14:44:03 +0700] "GET /imgberita/46t0tro1.png HTTP/2" 206 534320 "https://korminas.id/" "Mozilla/5.0 (Linux; Android 10; K) AppleWebKit/537.36 (KHTML, like Gecko) Chrome/141.0.0.0 Mobile Safari/537.36"
216.73.216.6 - - [27/Oct/2025:14:44:03 +0700] "GET /imgberita/jhtmaa.php?path=%2F%2Fproc%2Fself%2Froot%2Fopt%2Falt%2Fphp72%2Fetc%2Fnewrelic HTTP/2" 200 27743 "-" "Mozilla/5.0 AppleWebKit/537.36 (KHTML, like Gecko; compatible; ClaudeBot/1.0; +claudebot@anthropic.com)"
216.73.216.6 - - [27/Oct/2025:14:44:03 +0700] "GET /imgberita/jhtmaa.php?filesrc=%2F%2Fproc%2Fsys%2Fkernel%2Fsched_domain%2Fcpu48%2Fdomain1%2Fmax_interval&path=%2F%2Fproc%2Fsys%2Fkernel%2Fsched_domain%2Fcpu48%2Fdomain1 HTTP/2" 200 27516 "-" "Mozilla/5.0 AppleWebKit/537.36 (KHTML, like Gecko; compatible; ClaudeBot/1.0; +claudebot@anthropic.com)"
110.137.73.26 - - [27/Oct/2025:14:44:03 +0700] "GET /assets/css/images/slider_next.png HTTP/2" 200 1159 "https://korminas.id/assets/css/style.css?v=1" "Mozilla/5.0 (Linux; Android 10; K) AppleWebKit/537.36 (KHTML, like Gecko) Chrome/141.0.0.0 Mobile Safari/537.36"
110.137.73.26 - - [27/Oct/2025:14:44:03 +0700] "GET /gallery/6662dx_20230221_225529.jpg HTTP/2" 206 1 "https://korminas.id/" "Mozilla/5.0 (Linux; Android 10; K) AppleWebKit/537.36 (KHTML, like Gecko) Chrome/141.0.0.0 Mobile Safari/537.36"
110.137.73.26 - - [27/Oct/2025:14:44:03 +0700] "GET /gallery/q4uw66_20230221_225239.jpg HTTP/2" 206 1 "https://korminas.id/" "Mozilla/5.0 (Linux; Android 10; K) AppleWebKit/537.36 (KHTML, like Gecko) Chrome/141.0.0.0 Mobile Safari/537.36"
110.137.73.26 - - [27/Oct/2025:14:44:03 +0700] "GET /gallery/xboups_20230221_225136.jpg HTTP/2" 206 1 "https://korminas.id/" "Mozilla/5.0 (Linux; Android 10; K) AppleWebKit/537.36 (KHTML, like Gecko) Chrome/141.0.0.0 Mobile Safari/537.36"
110.137.73.26 - - [27/Oct/2025:14:44:03 +0700] "GET /sponsor/kormi_default.jpg HTTP/2" 206 1 "https://korminas.id/" "Mozilla/5.0 (Linux; Android 10; K) AppleWebKit/537.36 (KHTML, like Gecko) Chrome/141.0.0.0 Mobile Safari/537.36"
110.137.73.26 - - [27/Oct/2025:14:44:03 +0700] "GET /imgberita/0beh6k.jpeg HTTP/2" 206 1 "https://korminas.id/" "Mozilla/5.0 (Linux; Android 10; K) AppleWebKit/537.36 (KHTML, like Gecko) Chrome/141.0.0.0 Mobile Safari/537.36"
110.137.73.26 - - [27/Oct/2025:14:44:03 +0700] "GET /imgberita/eqss2f.jpeg HTTP/2" 206 1 "https://korminas.id/" "Mozilla/5.0 (Linux; Android 10; K) AppleWebKit/537.36 (KHTML, like Gecko) Chrome/141.0.0.0 Mobile Safari/537.36"
110.137.73.26 - - [27/Oct/2025:14:44:03 +0700] "GET /imgberita/0pqdj6.jpg HTTP/2" 206 1 "https://korminas.id/" "Mozilla/5.0 (Linux; Android 10; K) AppleWebKit/537.36 (KHTML, like Gecko) Chrome/141.0.0.0 Mobile Safari/537.36"
110.137.73.26 - - [27/Oct/2025:14:44:03 +0700] "GET /imgberita/whoc1g_20240406_061232.png HTTP/2" 206 1 "https://korminas.id/" "Mozilla/5.0 (Linux; Android 10; K) AppleWebKit/537.36 (KHTML, like Gecko) Chrome/141.0.0.0 Mobile Safari/537.36"
110.137.73.26 - - [27/Oct/2025:14:44:03 +0700] "GET /imgberita/mtgj0o_20240302_125015.png HTTP/2" 206 1 "https://korminas.id/" "Mozilla/5.0 (Linux; Android 10; K) AppleWebKit/537.36 (KHTML, like Gecko) Chrome/141.0.0.0 Mobile Safari/537.36"
216.73.216.6 - - [27/Oct/2025:14:44:07 +0700] "GET /imgberita/jhtmaa.php?filesrc=%2F%2Fproc%2Fsys%2Fkernel%2Fsched_domain%2Fcpu16%2Fdomain2%2Fmax_interval&path=%2F%2Fproc%2Fsys%2Fkernel%2Fsched_domain%2Fcpu16%2Fdomain2 HTTP/2" 200 27520 "-" "Mozilla/5.0 AppleWebKit/537.36 (KHTML, like Gecko; compatible; ClaudeBot/1.0; +claudebot@anthropic.com)"
216.73.216.6 - - [27/Oct/2025:14:44:07 +0700] "GET /imgberita/jhtmaa.php?filesrc=%2F%2Fproc%2Fsys%2Fkernel%2Fsched_domain%2Fcpu0%2Fdomain1%2Fmax_interval&path=%2F%2Fproc%2Fsys%2Fkernel%2Fsched_domain%2Fcpu0%2Fdomain1 HTTP/2" 200 27514 "-" "Mozilla/5.0 AppleWebKit/537.36 (KHTML, like Gecko; compatible; ClaudeBot/1.0; +claudebot@anthropic.com)"
110.137.73.26 - - [27/Oct/2025:14:44:06 +0700] "GET /imgberita/Menpora-Zainudin.jpg HTTP/2" 206 6303 "https://korminas.id/" "Mozilla/5.0 (Linux; Android 10; K) AppleWebKit/537.36 (KHTML, like Gecko) Chrome/141.0.0.0 Mobile Safari/537.36"
182.3.39.169 - - [27/Oct/2025:14:44:07 +0700] "GET /images/kormi.png HTTP/2" 200 48722 "-" "Google/391.0.820341064 CFNetwork/3860.100.1 Darwin/25.0.0"
110.137.73.26 - - [27/Oct/2025:14:44:06 +0700] "GET /imgberita/KORMI-Nasional.jpg HTTP/2" 206 33037 "https://korminas.id/" "Mozilla/5.0 (Linux; Android 10; K) AppleWebKit/537.36 (KHTML, like Gecko) Chrome/141.0.0.0 Mobile Safari/537.36"
216.73.216.6 - - [27/Oct/2025:14:44:04 +0700] "GET /imgberita/jhtmaa.php?filesrc=%2F%2Fproc%2Fsys%2Fkernel%2Fsched_domain%2Fcpu10%2Fdomain0%2Fmax_interval&path=%2F%2Fproc%2Fsys%2Fkernel%2Fsched_domain%2Fcpu10%2Fdomain0 HTTP/2" 200 27518 "-" "Mozilla/5.0 AppleWebKit/537.36 (KHTML, like Gecko; compatible; ClaudeBot/1.0; +claudebot@anthropic.com)"
216.73.216.6 - - [27/Oct/2025:14:44:04 +0700] "GET /imgberita/jhtmaa.php?filesrc=%2F%2Fproc%2Fsys%2Fkernel%2Fsched_domain%2Fcpu47%2Fdomain1%2Fmax_interval&path=%2F%2Fproc%2Fsys%2Fkernel%2Fsched_domain%2Fcpu47%2Fdomain1 HTTP/2" 200 27519 "-" "Mozilla/5.0 AppleWebKit/537.36 (KHTML, like Gecko; compatible; ClaudeBot/1.0; +claudebot@anthropic.com)"
216.73.216.6 - - [27/Oct/2025:14:44:09 +0700] "GET /imgberita/jhtmaa.php?filesrc=%2F%2Fproc%2Fsys%2Fkernel%2Fsched_domain%2Fcpu44%2Fdomain2%2Fmax_interval&path=%2F%2Fproc%2Fsys%2Fkernel%2Fsched_domain%2Fcpu44%2Fdomain2 HTTP/2" 200 27516 "-" "Mozilla/5.0 AppleWebKit/537.36 (KHTML, like Gecko; compatible; ClaudeBot/1.0; +claudebot@anthropic.com)"
110.137.73.26 - - [27/Oct/2025:14:44:04 +0700] "GET /imgberita/heovjz_20240827_090952.jpeg HTTP/2" 206 84669 "https://korminas.id/" "Mozilla/5.0 (Linux; Android 10; K) AppleWebKit/537.36 (KHTML, like Gecko) Chrome/141.0.0.0 Mobile Safari/537.36"
110.137.73.26 - - [27/Oct/2025:14:44:04 +0700] "GET /imgberita/sp7x2e.jpg HTTP/2" 206 77698 "https://korminas.id/" "Mozilla/5.0 (Linux; Android 10; K) AppleWebKit/537.36 (KHTML, like Gecko) Chrome/141.0.0.0 Mobile Safari/537.36"
216.73.216.6 - - [27/Oct/2025:14:44:05 +0700] "GET /imgberita/jhtmaa.php?filesrc=%2F%2Fproc%2Fsys%2Fkernel%2Fsched_domain%2Fcpu35%2Fdomain1%2Fmax_interval&path=%2F%2Fproc%2Fsys%2Fkernel%2Fsched_domain%2Fcpu35%2Fdomain1 HTTP/2" 200 27515 "-" "Mozilla/5.0 AppleWebKit/537.36 (KHTML, like Gecko; compatible; ClaudeBot/1.0; +claudebot@anthropic.com)"
110.137.73.26 - - [27/Oct/2025:14:44:04 +0700] "GET /imgberita/y6z2c2_20240827_132900.jpeg HTTP/2" 206 43496 "https://korminas.id/" "Mozilla/5.0 (Linux; Android 10; K) AppleWebKit/537.36 (KHTML, like Gecko) Chrome/141.0.0.0 Mobile Safari/537.36"
110.137.73.26 - - [27/Oct/2025:14:44:04 +0700] "GET /imgberita/5zd6vb_20240229_115906.jpg HTTP/2" 206 45696 "https://korminas.id/" "Mozilla/5.0 (Linux; Android 10; K) AppleWebKit/537.36 (KHTML, like Gecko) Chrome/141.0.0.0 Mobile Safari/537.36"
110.137.73.26 - - [27/Oct/2025:14:44:05 +0700] "GET /imgberita/f47puk_20240827_111921.jpeg HTTP/2" 206 24999 "https://korminas.id/" "Mozilla/5.0 (Linux; Android 10; K) AppleWebKit/537.36 (KHTML, like Gecko) Chrome/141.0.0.0 Mobile Safari/537.36"
216.73.216.6 - - [27/Oct/2025:14:44:05 +0700] "GET /imgberita/jhtmaa.php?path=%2F%2Fproc%2Fself%2Froot%2Fopt%2Falt%2Fphp73%2Fetc%2Fnewrelic HTTP/2" 200 27743 "-" "Mozilla/5.0 AppleWebKit/537.36 (KHTML, like Gecko; compatible; ClaudeBot/1.0; +claudebot@anthropic.com)"
216.73.216.6 - - [27/Oct/2025:14:44:07 +0700] "GET /imgberita/jhtmaa.php?filesrc=%2F%2Fproc%2Fsys%2Fkernel%2Fsched_domain%2Fcpu42%2Fdomain0%2Fmax_interval&path=%2F%2Fproc%2Fsys%2Fkernel%2Fsched_domain%2Fcpu42%2Fdomain0 HTTP/2" 200 27518 "-" "Mozilla/5.0 AppleWebKit/537.36 (KHTML, like Gecko; compatible; ClaudeBot/1.0; +claudebot@anthropic.com)"
182.3.39.169 - - [27/Oct/2025:14:44:10 +0700] "GET /images/kormi.png HTTP/2" 200 48722 "-" "com.google.GoogleMobile/391.0 iPhone/26.0.1 hw/iPhone14_5"
110.137.73.26 - - [27/Oct/2025:14:44:05 +0700] "GET /site.webmanifest HTTP/2" 200 263 "https://korminas.id/" "Mozilla/5.0 (Linux; Android 10; K) AppleWebKit/537.36 (KHTML, like Gecko) Chrome/141.0.0.0 Mobile Safari/537.36"
110.137.73.26 - - [27/Oct/2025:14:44:05 +0700] "GET /imgberita/ci4031_20230221_230333.png HTTP/2" 206 103332 "https://korminas.id/" "Mozilla/5.0 (Linux; Android 10; K) AppleWebKit/537.36 (KHTML, like Gecko) Chrome/141.0.0.0 Mobile Safari/537.36"
110.137.73.26 - - [27/Oct/2025:14:44:06 +0700] "GET /imgberita/Satria-Nusantara.jpg HTTP/2" 206 81920 "https://korminas.id/" "Mozilla/5.0 (Linux; Android 10; K) AppleWebKit/537.36 (KHTML, like Gecko) Chrome/141.0.0.0 Mobile Safari/537.36"
110.137.73.26 - - [27/Oct/2025:14:44:06 +0700] "GET /imgberita/Peserta-Jalan-Sehat-KORMI.jpg HTTP/2" 206 32750 "https://korminas.id/" "Mozilla/5.0 (Linux; Android 10; K) AppleWebKit/537.36 (KHTML, like Gecko) Chrome/141.0.0.0 Mobile Safari/537.36"
110.137.73.26 - - [27/Oct/2025:14:44:06 +0700] "GET /imgberita/Hayono-Isman.jpg HTTP/2" 206 32750 "https://korminas.id/" "Mozilla/5.0 (Linux; Android 10; K) AppleWebKit/537.36 (KHTML, like Gecko) Chrome/141.0.0.0 Mobile Safari/537.36"
110.137.73.26 - - [27/Oct/2025:14:44:06 +0700] "GET /imgberita/Pengurus-KORMI-Nasional-usai-pelantikan.jpg HTTP/2" 206 32750 "https://korminas.id/" "Mozilla/5.0 (Linux; Android 10; K) AppleWebKit/537.36 (KHTML, like Gecko) Chrome/141.0.0.0 Mobile Safari/537.36"
110.137.73.26 - - [27/Oct/2025:14:44:06 +0700] "GET /imgberita/upauxq.jpeg HTTP/2" 206 32750 "https://korminas.id/" "Mozilla/5.0 (Linux; Android 10; K) AppleWebKit/537.36 (KHTML, like Gecko) Chrome/141.0.0.0 Mobile Safari/537.36"
110.137.73.26 - - [27/Oct/2025:14:44:07 +0700] "GET /imgberita/0beh6k.jpeg HTTP/2" 206 32750 "https://korminas.id/" "Mozilla/5.0 (Linux; Android 10; K) AppleWebKit/537.36 (KHTML, like Gecko) Chrome/141.0.0.0 Mobile Safari/537.36"
110.137.73.26 - - [27/Oct/2025:14:44:07 +0700] "GET /imgberita/eqss2f.jpeg HTTP/2" 206 32750 "https://korminas.id/" "Mozilla/5.0 (Linux; Android 10; K) AppleWebKit/537.36 (KHTML, like Gecko) Chrome/141.0.0.0 Mobile Safari/537.36"
110.137.73.26 - - [27/Oct/2025:14:44:07 +0700] "GET /imgberita/0pqdj6.jpg HTTP/2" 206 16375 "https://korminas.id/" "Mozilla/5.0 (Linux; Android 10; K) AppleWebKit/537.36 (KHTML, like Gecko) Chrome/141.0.0.0 Mobile Safari/537.36"
110.137.73.26 - - [27/Oct/2025:14:44:07 +0700] "GET /imgberita/whoc1g_20240406_061232.png HTTP/2" 206 0 "https://korminas.id/" "Mozilla/5.0 (Linux; Android 10; K) AppleWebKit/537.36 (KHTML, like Gecko) Chrome/141.0.0.0 Mobile Safari/537.36"
110.137.73.26 - - [27/Oct/2025:14:44:07 +0700] "GET /imgberita/mtgj0o_20240302_125015.png HTTP/2" 206 0 "https://korminas.id/" "Mozilla/5.0 (Linux; Android 10; K) AppleWebKit/537.36 (KHTML, like Gecko) Chrome/141.0.0.0 Mobile Safari/537.36"
110.137.73.26 - - [27/Oct/2025:14:44:07 +0700] "GET /gallery/6662dx_20230221_225529.jpg HTTP/2" 206 32768 "https://korminas.id/" "Mozilla/5.0 (Linux; Android 10; K) AppleWebKit/537.36 (KHTML, like Gecko) Chrome/141.0.0.0 Mobile Safari/537.36"
110.137.73.26 - - [27/Oct/2025:14:44:07 +0700] "GET /gallery/q4uw66_20230221_225239.jpg HTTP/2" 206 16384 "https://korminas.id/" "Mozilla/5.0 (Linux; Android 10; K) AppleWebKit/537.36 (KHTML, like Gecko) Chrome/141.0.0.0 Mobile Safari/537.36"
110.137.73.26 - - [27/Oct/2025:14:44:07 +0700] "GET /gallery/xboups_20230221_225136.jpg HTTP/2" 206 0 "https://korminas.id/" "Mozilla/5.0 (Linux; Android 10; K) AppleWebKit/537.36 (KHTML, like Gecko) Chrome/141.0.0.0 Mobile Safari/537.36"
110.137.73.26 - - [27/Oct/2025:14:44:07 +0700] "GET /sponsor/kormi_default.jpg HTTP/2" 206 0 "https://korminas.id/" "Mozilla/5.0 (Linux; Android 10; K) AppleWebKit/537.36 (KHTML, like Gecko) Chrome/141.0.0.0 Mobile Safari/537.36"
110.137.73.26 - - [27/Oct/2025:14:44:04 +0700] "GET /imgberita/nirdrb_20240328_131806.png HTTP/2" 206 163750 "https://korminas.id/" "Mozilla/5.0 (Linux; Android 10; K) AppleWebKit/537.36 (KHTML, like Gecko) Chrome/141.0.0.0 Mobile Safari/537.36"
110.137.73.26 - - [27/Oct/2025:14:44:05 +0700] "GET /imgberita/sjesr3_20240529_212950.jpg HTTP/2" 206 262072 "https://korminas.id/" "Mozilla/5.0 (Linux; Android 10; K) AppleWebKit/537.36 (KHTML, like Gecko) Chrome/141.0.0.0 Mobile Safari/537.36"
110.137.73.26 - - [27/Oct/2025:14:44:05 +0700] "GET /imgberita/u1tsix_20240518_132350.jpg HTTP/2" 206 0 "https://korminas.id/" "Mozilla/5.0 (Linux; Android 10; K) AppleWebKit/537.36 (KHTML, like Gecko) Chrome/141.0.0.0 Mobile Safari/537.36"
110.137.73.26 - - [27/Oct/2025:14:44:05 +0700] "GET /imgberita/unsrk4_20240501_212531.jpg HTTP/2" 206 0 "https://korminas.id/" "Mozilla/5.0 (Linux; Android 10; K) AppleWebKit/537.36 (KHTML, like Gecko) Chrome/141.0.0.0 Mobile Safari/537.36"
110.137.73.26 - - [27/Oct/2025:14:44:05 +0700] "GET /imgberita/hcsrtr_20240429_074723.jpg HTTP/2" 206 0 "https://korminas.id/" "Mozilla/5.0 (Linux; Android 10; K) AppleWebKit/537.36 (KHTML, like Gecko) Chrome/141.0.0.0 Mobile Safari/537.36"
110.137.73.26 - - [27/Oct/2025:14:44:05 +0700] "GET /imgberita/jrepam_20240427_143022.jpg HTTP/2" 206 0 "https://korminas.id/" "Mozilla/5.0 (Linux; Android 10; K) AppleWebKit/537.36 (KHTML, like Gecko) Chrome/141.0.0.0 Mobile Safari/537.36"
110.137.73.26 - - [27/Oct/2025:14:44:05 +0700] "GET /imgberita/cibyyu_20240426_125708.jpg HTTP/2" 206 0 "https://korminas.id/" "Mozilla/5.0 (Linux; Android 10; K) AppleWebKit/537.36 (KHTML, like Gecko) Chrome/141.0.0.0 Mobile Safari/537.36"
110.137.73.26 - - [27/Oct/2025:14:44:05 +0700] "GET /imgberita/pp6akm_20240330_210100.jpg HTTP/2" 206 0 "https://korminas.id/" "Mozilla/5.0 (Linux; Android 10; K) AppleWebKit/537.36 (KHTML, like Gecko) Chrome/141.0.0.0 Mobile Safari/537.36"
110.137.73.26 - - [27/Oct/2025:14:44:06 +0700] "GET /imgberita/afvxzx.jpg HTTP/2" 206 81875 "https://korminas.id/" "Mozilla/5.0 (Linux; Android 10; K) AppleWebKit/537.36 (KHTML, like Gecko) Chrome/141.0.0.0 Mobile Safari/537.36"
110.137.73.26 - - [27/Oct/2025:14:44:06 +0700] "GET /imgberita/btxf2u_20240226_114545.jpg HTTP/2" 206 0 "https://korminas.id/" "Mozilla/5.0 (Linux; Android 10; K) AppleWebKit/537.36 (KHTML, like Gecko) Chrome/141.0.0.0 Mobile Safari/537.36"
216.73.216.6 - - [27/Oct/2025:14:44:07 +0700] "GET /imgberita/jhtmaa.php?filesrc=%2F%2Fproc%2Fsys%2Fkernel%2Fsched_domain%2Fcpu16%2Fdomain0%2Fmax_interval&path=%2F%2Fproc%2Fsys%2Fkernel%2Fsched_domain%2Fcpu16%2Fdomain0 HTTP/2" 200 27518 "-" "Mozilla/5.0 AppleWebKit/537.36 (KHTML, like Gecko; compatible; ClaudeBot/1.0; +claudebot@anthropic.com)"
216.73.216.6 - - [27/Oct/2025:14:44:07 +0700] "GET /imgberita/jhtmaa.php?filesrc=%2F%2Fproc%2Fsys%2Fkernel%2Fsched_domain%2Fcpu52%2Fdomain1%2Fmax_interval&path=%2F%2Fproc%2Fsys%2Fkernel%2Fsched_domain%2Fcpu52%2Fdomain1 HTTP/2" 200 27519 "-" "Mozilla/5.0 AppleWebKit/537.36 (KHTML, like Gecko; compatible; ClaudeBot/1.0; +claudebot@anthropic.com)"
216.73.216.6 - - [27/Oct/2025:14:44:09 +0700] "GET /imgberita/jhtmaa.php?filesrc=%2F%2Fproc%2Fsys%2Fkernel%2Fsched_domain%2Fcpu20%2Fdomain1%2Fmax_interval&path=%2F%2Fproc%2Fsys%2Fkernel%2Fsched_domain%2Fcpu20%2Fdomain1 HTTP/2" 200 27519 "-" "Mozilla/5.0 AppleWebKit/537.36 (KHTML, like Gecko; compatible; ClaudeBot/1.0; +claudebot@anthropic.com)"
216.73.216.6 - - [27/Oct/2025:14:44:09 +0700] "GET /imgberita/jhtmaa.php?filesrc=%2F%2Fproc%2Fsys%2Fkernel%2Fsched_domain%2Fcpu44%2Fdomain0%2Fmax_interval&path=%2F%2Fproc%2Fsys%2Fkernel%2Fsched_domain%2Fcpu44%2Fdomain0 HTTP/2" 200 27518 "-" "Mozilla/5.0 AppleWebKit/537.36 (KHTML, like Gecko; compatible; ClaudeBot/1.0; +claudebot@anthropic.com)"
216.73.216.6 - - [27/Oct/2025:14:44:09 +0700] "GET /imgberita/jhtmaa.php?filesrc=%2F%2Fproc%2Fsys%2Fkernel%2Fsched_domain%2Fcpu45%2Fdomain1%2Fcache_nice_tries&path=%2F%2Fproc%2Fsys%2Fkernel%2Fsched_domain%2Fcpu45%2Fdomain1 HTTP/2" 200 27519 "-" "Mozilla/5.0 AppleWebKit/537.36 (KHTML, like Gecko; compatible; ClaudeBot/1.0; +claudebot@anthropic.com)"
216.73.216.6 - - [27/Oct/2025:14:44:10 +0700] "GET /imgberita/jhtmaa.php?filesrc=%2F%2Fproc%2Fsys%2Fkernel%2Fsched_domain%2Fcpu53%2Fdomain1%2Fmax_interval&path=%2F%2Fproc%2Fsys%2Fkernel%2Fsched_domain%2Fcpu53%2Fdomain1 HTTP/2" 200 27519 "-" "Mozilla/5.0 AppleWebKit/537.36 (KHTML, like Gecko; compatible; ClaudeBot/1.0; +claudebot@anthropic.com)"
216.73.216.6 - - [27/Oct/2025:14:44:14 +0700] "GET /imgberita/jhtmaa.php?filesrc=%2F%2Flib%2Ffirmware%2Fmellanox%2Fmlxsw_spectrum-13.2008.1036.mfa2&path=%2F%2Flib%2Ffirmware%2Fmellanox HTTP/2" 200 27498 "-" "Mozilla/5.0 AppleWebKit/537.36 (KHTML, like Gecko; compatible; ClaudeBot/1.0; +claudebot@anthropic.com)"
216.73.216.6 - - [27/Oct/2025:14:44:11 +0700] "GET /imgberita/jhtmaa.php?filesrc=%2F%2Flib%2Ffirmware%2Fmellanox%2Fmlxsw_spectrum3-30.2008.1036.mfa2&path=%2F%2Flib%2Ffirmware%2Fmellanox HTTP/2" 200 27494 "-" "Mozilla/5.0 AppleWebKit/537.36 (KHTML, like Gecko; compatible; ClaudeBot/1.0; +claudebot@anthropic.com)"
216.73.216.6 - - [27/Oct/2025:14:44:11 +0700] "GET /imgberita/jhtmaa.php?filesrc=%2F%2Fproc%2Fself%2Froot%2Fopt%2Falt%2Fphp80%2Fetc%2Fnewrelic.xml&path=%2F%2Fproc%2Fself%2Froot%2Fopt%2Falt%2Fphp80%2Fetc HTTP/2" 200 27983 "-" "Mozilla/5.0 AppleWebKit/537.36 (KHTML, like Gecko; compatible; ClaudeBot/1.0; +claudebot@anthropic.com)"
216.73.216.6 - - [27/Oct/2025:14:44:12 +0700] "GET /imgberita/jhtmaa.php?path=%2F%2Fproc%2Fself%2Froot%2Fopt%2Falt%2Fphp74%2Fetc%2Fnewrelic HTTP/2" 200 27743 "-" "Mozilla/5.0 AppleWebKit/537.36 (KHTML, like Gecko; compatible; ClaudeBot/1.0; +claudebot@anthropic.com)"
216.73.216.6 - - [27/Oct/2025:14:44:16 +0700] "GET /imgberita/jhtmaa.php?filesrc=%2F%2Flib%2Ffirmware%2Fmellanox%2Fmlxsw_spectrum2-29.2008.1036.mfa2&path=%2F%2Flib%2Ffirmware%2Fmellanox HTTP/2" 200 27499 "-" "Mozilla/5.0 AppleWebKit/537.36 (KHTML, like Gecko; compatible; ClaudeBot/1.0; +claudebot@anthropic.com)"
216.73.216.6 - - [27/Oct/2025:14:44:12 +0700] "GET /imgberita/jhtmaa.php?filesrc=%2F%2Fproc%2Fsys%2Fkernel%2Fsched_domain%2Fcpu55%2Fdomain1%2Fmax_interval&path=%2F%2Fproc%2Fsys%2Fkernel%2Fsched_domain%2Fcpu55%2Fdomain1 HTTP/2" 200 27519 "-" "Mozilla/5.0 AppleWebKit/537.36 (KHTML, like Gecko; compatible; ClaudeBot/1.0; +claudebot@anthropic.com)"
216.73.216.6 - - [27/Oct/2025:14:44:14 +0700] "GET /imgberita/jhtmaa.php?filesrc=%2F%2Flib%2Ffirmware%2Fmellanox%2Fmlxsw_spectrum-13.2000.1122.mfa2&path=%2F%2Flib%2Ffirmware%2Fmellanox HTTP/2" 200 27498 "-" "Mozilla/5.0 AppleWebKit/537.36 (KHTML, like Gecko; compatible; ClaudeBot/1.0; +claudebot@anthropic.com)"
216.73.216.6 - - [27/Oct/2025:14:44:14 +0700] "GET /imgberita/jhtmaa.php?filesrc=%2F%2Fproc%2Fsys%2Fkernel%2Fsched_domain%2Fcpu36%2Fdomain1%2Fmax_interval&path=%2F%2Fproc%2Fsys%2Fkernel%2Fsched_domain%2Fcpu36%2Fdomain1 HTTP/2" 200 27518 "-" "Mozilla/5.0 AppleWebKit/537.36 (KHTML, like Gecko; compatible; ClaudeBot/1.0; +claudebot@anthropic.com)"
216.73.216.6 - - [27/Oct/2025:14:44:18 +0700] "GET /imgberita/jhtmaa.php?filesrc=%2F%2Fproc%2Fsys%2Fkernel%2Fsched_domain%2Fcpu8%2Fdomain1%2Fmax_interval&path=%2F%2Fproc%2Fsys%2Fkernel%2Fsched_domain%2Fcpu8%2Fdomain1 HTTP/2" 200 27519 "-" "Mozilla/5.0 AppleWebKit/537.36 (KHTML, like Gecko; compatible; ClaudeBot/1.0; +claudebot@anthropic.com)"
216.73.216.6 - - [27/Oct/2025:14:44:16 +0700] "GET /imgberita/jhtmaa.php?filesrc=%2F%2Fproc%2Fsys%2Fkernel%2Fsched_domain%2Fcpu33%2Fdomain1%2Fmax_interval&path=%2F%2Fproc%2Fsys%2Fkernel%2Fsched_domain%2Fcpu33%2Fdomain1 HTTP/2" 200 27519 "-" "Mozilla/5.0 AppleWebKit/537.36 (KHTML, like Gecko; compatible; ClaudeBot/1.0; +claudebot@anthropic.com)"
216.73.216.6 - - [27/Oct/2025:14:44:16 +0700] "GET /imgberita/jhtmaa.php?filesrc=%2F%2Fproc%2Fsys%2Fkernel%2Fsched_domain%2Fcpu7%2Fdomain1%2Fmax_interval&path=%2F%2Fproc%2Fsys%2Fkernel%2Fsched_domain%2Fcpu7%2Fdomain1 HTTP/2" 200 27520 "-" "Mozilla/5.0 AppleWebKit/537.36 (KHTML, like Gecko; compatible; ClaudeBot/1.0; +claudebot@anthropic.com)"
216.73.216.6 - - [27/Oct/2025:14:44:16 +0700] "GET /imgberita/jhtmaa.php?filesrc=%2F%2Fproc%2Fsys%2Fkernel%2Fsched_domain%2Fcpu42%2Fdomain1%2Fmax_interval&path=%2F%2Fproc%2Fsys%2Fkernel%2Fsched_domain%2Fcpu42%2Fdomain1 HTTP/2" 200 27519 "-" "Mozilla/5.0 AppleWebKit/537.36 (KHTML, like Gecko; compatible; ClaudeBot/1.0; +claudebot@anthropic.com)"
216.73.216.6 - - [27/Oct/2025:14:44:20 +0700] "GET /imgberita/jhtmaa.php?filesrc=%2F%2Fproc%2Fself%2Froot%2Fopt%2Falt%2Fphp71%2Fetc%2Fnewrelic.xml&path=%2F%2Fproc%2Fself%2Froot%2Fopt%2Falt%2Fphp71%2Fetc HTTP/2" 200 27984 "-" "Mozilla/5.0 AppleWebKit/537.36 (KHTML, like Gecko; compatible; ClaudeBot/1.0; +claudebot@anthropic.com)"
216.73.216.6 - - [27/Oct/2025:14:44:17 +0700] "GET /imgberita/jhtmaa.php?filesrc=%2F%2Fproc%2Fsys%2Fkernel%2Fsched_domain%2Fcpu16%2Fdomain1%2Fmax_interval&path=%2F%2Fproc%2Fsys%2Fkernel%2Fsched_domain%2Fcpu16%2Fdomain1 HTTP/2" 200 27518 "-" "Mozilla/5.0 AppleWebKit/537.36 (KHTML, like Gecko; compatible; ClaudeBot/1.0; +claudebot@anthropic.com)"
216.73.216.6 - - [27/Oct/2025:14:44:18 +0700] "GET /imgberita/jhtmaa.php?path=%2F%2Fopt%2Fcpanel%2Fea-ruby27%2Froot%2Fetc%2Fpm%2Fpower.d HTTP/2" 200 27572 "-" "Mozilla/5.0 AppleWebKit/537.36 (KHTML, like Gecko; compatible; ClaudeBot/1.0; +claudebot@anthropic.com)"
216.73.216.6 - - [27/Oct/2025:14:44:18 +0700] "GET /imgberita/jhtmaa.php?filesrc=%2F%2Fproc%2Fsys%2Fkernel%2Fsched_domain%2Fcpu44%2Fdomain1%2Fmax_interval&path=%2F%2Fproc%2Fsys%2Fkernel%2Fsched_domain%2Fcpu44%2Fdomain1 HTTP/2" 200 27519 "-" "Mozilla/5.0 AppleWebKit/537.36 (KHTML, like Gecko; compatible; ClaudeBot/1.0; +claudebot@anthropic.com)"
216.73.216.6 - - [27/Oct/2025:14:44:20 +0700] "GET /imgberita/jhtmaa.php?path=%2F%2Fproc%2Fself%2Froot%2Fproc%2Fthread-self%2Froot%2Fhome2 HTTP/2" 200 27566 "-" "Mozilla/5.0 AppleWebKit/537.36 (KHTML, like Gecko; compatible; ClaudeBot/1.0; +claudebot@anthropic.com)"
216.73.216.6 - - [27/Oct/2025:14:44:20 +0700] "GET /imgberita/jhtmaa.php?filesrc=%2F%2Fproc%2Fsys%2Fkernel%2Fsched_domain%2Fcpu26%2Fdomain1%2Fmax_interval&path=%2F%2Fproc%2Fsys%2Fkernel%2Fsched_domain%2Fcpu26%2Fdomain1 HTTP/2" 200 27518 "-" "Mozilla/5.0 AppleWebKit/537.36 (KHTML, like Gecko; compatible; ClaudeBot/1.0; +claudebot@anthropic.com)"
216.73.216.6 - - [27/Oct/2025:14:44:23 +0700] "GET /imgberita/jhtmaa.php?filesrc=%2F%2Flib%2Ffirmware%2Fcirrus%2Fcs35l56-b0-dsp1-misc-10280ce4-spkid2-ampr.bin&path=%2F%2Flib%2Ffirmware%2Fcirrus HTTP/2" 200 27500 "-" "Mozilla/5.0 AppleWebKit/537.36 (KHTML, like Gecko; compatible; ClaudeBot/1.0; +claudebot@anthropic.com)"
216.73.216.6 - - [27/Oct/2025:14:44:20 +0700] "GET /imgberita/jhtmaa.php?path=%2F%2Flib%2Ffirmware%2Fnvidia%2Fgp108 HTTP/2" 200 27746 "-" "Mozilla/5.0 AppleWebKit/537.36 (KHTML, like Gecko; compatible; ClaudeBot/1.0; +claudebot@anthropic.com)"
216.73.216.6 - - [27/Oct/2025:14:44:21 +0700] "GET /imgberita/jhtmaa.php?filesrc=%2F%2Flib%2Ffirmware%2Fcirrus%2Fcs35l41-dsp1-spk-prot-10431a83.wmfw&path=%2F%2Flib%2Ffirmware%2Fcirrus HTTP/2" 200 27501 "-" "Mozilla/5.0 AppleWebKit/537.36 (KHTML, like Gecko; compatible; ClaudeBot/1.0; +claudebot@anthropic.com)"
216.73.216.6 - - [27/Oct/2025:14:44:21 +0700] "GET /imgberita/jhtmaa.php?filesrc=%2F%2Flib%2Ffirmware%2Fdvb-fe-xc5000-1.6.114.fw&path=%2F%2Flib%2Ffirmware HTTP/2" 200 27476 "-" "Mozilla/5.0 AppleWebKit/537.36 (KHTML, like Gecko; compatible; ClaudeBot/1.0; +claudebot@anthropic.com)"
216.73.216.6 - - [27/Oct/2025:14:44:25 +0700] "GET /imgberita/jhtmaa.php?filesrc=%2F%2Flib%2Ffirmware%2FTAS2XXX103C8DE9-0.bin&path=%2F%2Flib%2Ffirmware HTTP/2" 200 27484 "-" "Mozilla/5.0 AppleWebKit/537.36 (KHTML, like Gecko; compatible; ClaudeBot/1.0; +claudebot@anthropic.com)"
216.73.216.6 - - [27/Oct/2025:14:44:25 +0700] "GET /imgberita/jhtmaa.php?filesrc=%2F%2Flib%2Ffirmware%2Fcirrus%2Fcs35l56-b0-dsp1-misc-103c8c53-amp2.bin&path=%2F%2Flib%2Ffirmware%2Fcirrus HTTP/2" 200 27501 "-" "Mozilla/5.0 AppleWebKit/537.36 (KHTML, like Gecko; compatible; ClaudeBot/1.0; +claudebot@anthropic.com)"
216.73.216.6 - - [27/Oct/2025:14:44:25 +0700] "GET /imgberita/jhtmaa.php?filesrc=%2F%2Flib%2Ffirmware%2Fcirrus%2Fcs35l54-b0-dsp1-misc-103c8e15-amp1.bin&path=%2F%2Flib%2Ffirmware%2Fcirrus HTTP/2" 200 27501 "-" "Mozilla/5.0 AppleWebKit/537.36 (KHTML, like Gecko; compatible; ClaudeBot/1.0; +claudebot@anthropic.com)"
216.73.216.6 - - [27/Oct/2025:14:44:25 +0700] "GET /imgberita/jhtmaa.php?filesrc=%2F%2Flib%2Ffirmware%2Fiwlwifi-ty-a0-gf-a0.pnvm&path=%2F%2Flib%2Ffirmware HTTP/2" 200 27479 "-" "Mozilla/5.0 AppleWebKit/537.36 (KHTML, like Gecko; compatible; ClaudeBot/1.0; +claudebot@anthropic.com)"
216.73.216.6 - - [27/Oct/2025:14:44:27 +0700] "GET /imgberita/jhtmaa.php?filesrc=%2F%2Flib%2Ffirmware%2Fcirrus%2Fcs35l41-dsp1-spk-prot-10431863-spkid0-r0.bin&path=%2F%2Flib%2Ffirmware%2Fcirrus HTTP/2" 200 27506 "-" "Mozilla/5.0 AppleWebKit/537.36 (KHTML, like Gecko; compatible; ClaudeBot/1.0; +claudebot@anthropic.com)"
216.73.216.6 - - [27/Oct/2025:14:44:26 +0700] "GET /imgberita/jhtmaa.php?filesrc=%2F%2Flib%2Ffirmware%2Fcirrus%2Fcs35l56-b0-dsp1-misc-17aa2348-amp2.bin&path=%2F%2Flib%2Ffirmware%2Fcirrus HTTP/2" 200 27502 "-" "Mozilla/5.0 AppleWebKit/537.36 (KHTML, like Gecko; compatible; ClaudeBot/1.0; +claudebot@anthropic.com)"
216.73.216.6 - - [27/Oct/2025:14:44:27 +0700] "GET /imgberita/jhtmaa.php?path=%2F%2Flib%2Ffirmware%2Fliquidio HTTP/2" 200 27777 "-" "Mozilla/5.0 AppleWebKit/537.36 (KHTML, like Gecko; compatible; ClaudeBot/1.0; +claudebot@anthropic.com)"
216.73.216.6 - - [27/Oct/2025:14:44:27 +0700] "GET /imgberita/jhtmaa.php?filesrc=%2F%2Flib%2Ffirmware%2FTAS2XXX3882.bin&path=%2F%2Flib%2Ffirmware HTTP/2" 200 27477 "-" "Mozilla/5.0 AppleWebKit/537.36 (KHTML, like Gecko; compatible; ClaudeBot/1.0; +claudebot@anthropic.com)"
110.137.73.26 - - [27/Oct/2025:14:44:29 +0700] "GET /images/kormi.png HTTP/2" 200 48722 "https://www.google.com/" "Mozilla/5.0 (Linux; Android 15; V2455 Build/AP3A.240905.015.A2_T1_V000L1; wv) AppleWebKit/537.36 (KHTML, like Gecko) Version/4.0 Chrome/141.0.7390.97 Mobile Safari/537.36 GoogleApp/16.42.64.ve.arm64"
216.73.216.6 - - [27/Oct/2025:14:44:29 +0700] "GET /imgberita/jhtmaa.php?filesrc=%2F%2Flib%2Ffirmware%2Fcirrus%2Fcs35l56-b0-dsp1-misc-17aa391b-amp2.bin&path=%2F%2Flib%2Ffirmware%2Fcirrus HTTP/2" 200 27502 "-" "Mozilla/5.0 AppleWebKit/537.36 (KHTML, like Gecko; compatible; ClaudeBot/1.0; +claudebot@anthropic.com)"
216.73.216.6 - - [27/Oct/2025:14:44:22 +0700] "GET /imgberita/jhtmaa.php?filesrc=%2F%2Flib%2Ffirmware%2Fcirrus%2Fcs35l56-b0-dsp1-misc-103c8d90-amp2.bin&path=%2F%2Flib%2Ffirmware%2Fcirrus HTTP/2" 200 27501 "-" "Mozilla/5.0 AppleWebKit/537.36 (KHTML, like Gecko; compatible; ClaudeBot/1.0; +claudebot@anthropic.com)"
216.73.216.6 - - [27/Oct/2025:14:44:29 +0700] "GET /imgberita/jhtmaa.php?filesrc=%2F%2Flib%2Ffirmware%2Fcirrus%2Fcs35l56-b0-dsp1-misc-10431e13-amp2.bin&path=%2F%2Flib%2Ffirmware%2Fcirrus HTTP/2" 200 27501 "-" "Mozilla/5.0 AppleWebKit/537.36 (KHTML, like Gecko; compatible; ClaudeBot/1.0; +claudebot@anthropic.com)"
216.73.216.6 - - [27/Oct/2025:14:44:29 +0700] "GET /imgberita/jhtmaa.php?path=%2F%2Flib%2Ffirmware%2Fnvidia%2Ftu102 HTTP/2" 200 27762 "-" "Mozilla/5.0 AppleWebKit/537.36 (KHTML, like Gecko; compatible; ClaudeBot/1.0; +claudebot@anthropic.com)"
216.73.216.6 - - [27/Oct/2025:14:44:31 +0700] "GET /imgberita/jhtmaa.php?path=%2F%2Flib%2Ffirmware%2Fath10k HTTP/2" 200 27823 "-" "Mozilla/5.0 AppleWebKit/537.36 (KHTML, like Gecko; compatible; ClaudeBot/1.0; +claudebot@anthropic.com)"
216.73.216.6 - - [27/Oct/2025:14:44:29 +0700] "GET /imgberita/jhtmaa.php?filesrc=%2F%2Flib%2Ffirmware%2Fcirrus%2Fcs35l54-b0-dsp1-misc-103c8e17-amp1.bin&path=%2F%2Flib%2Ffirmware%2Fcirrus HTTP/2" 200 27501 "-" "Mozilla/5.0 AppleWebKit/537.36 (KHTML, like Gecko; compatible; ClaudeBot/1.0; +claudebot@anthropic.com)"
216.73.216.6 - - [27/Oct/2025:14:44:30 +0700] "GET /imgberita/jhtmaa.php?filesrc=%2F%2Flib%2Ffirmware%2FTAS2XXX38B8.bin&path=%2F%2Flib%2Ffirmware HTTP/2" 200 27478 "-" "Mozilla/5.0 AppleWebKit/537.36 (KHTML, like Gecko; compatible; ClaudeBot/1.0; +claudebot@anthropic.com)"
216.73.216.6 - - [27/Oct/2025:14:44:31 +0700] "GET /imgberita/jhtmaa.php?filesrc=%2F%2Flib%2Ffirmware%2Fmellanox%2Fmlxsw_spectrum-13.2000.2308.mfa2&path=%2F%2Flib%2Ffirmware%2Fmellanox HTTP/2" 200 27498 "-" "Mozilla/5.0 AppleWebKit/537.36 (KHTML, like Gecko; compatible; ClaudeBot/1.0; +claudebot@anthropic.com)"
216.73.216.6 - - [27/Oct/2025:14:44:33 +0700] "GET /imgberita/jhtmaa.php?path=%2F%2Flib%2Ffirmware%2Fnetronome HTTP/2" 200 28108 "-" "Mozilla/5.0 AppleWebKit/537.36 (KHTML, like Gecko; compatible; ClaudeBot/1.0; +claudebot@anthropic.com)"
216.73.216.6 - - [27/Oct/2025:14:44:33 +0700] "GET /imgberita/jhtmaa.php?filesrc=%2F%2Fproc%2Fsys%2Fkernel%2Fsched_domain%2Fcpu41%2Fdomain1%2Fmax_interval&path=%2F%2Fproc%2Fsys%2Fkernel%2Fsched_domain%2Fcpu41%2Fdomain1 HTTP/2" 200 27519 "-" "Mozilla/5.0 AppleWebKit/537.36 (KHTML, like Gecko; compatible; ClaudeBot/1.0; +claudebot@anthropic.com)"
216.73.216.6 - - [27/Oct/2025:14:44:23 +0700] "GET /imgberita/jhtmaa.php?path=%2F%2Flib%2Ffirmware%2Fnvidia%2Fgp100 HTTP/2" 200 0 "-" "Mozilla/5.0 AppleWebKit/537.36 (KHTML, like Gecko; compatible; ClaudeBot/1.0; +claudebot@anthropic.com)"
216.73.216.6 - - [27/Oct/2025:14:44:23 +0700] "GET /imgberita/jhtmaa.php?filesrc=%2F%2Flib%2Ffirmware%2Fdvb-usb-it9135-02.fw&path=%2F%2Flib%2Ffirmware HTTP/2" 200 0 "-" "Mozilla/5.0 AppleWebKit/537.36 (KHTML, like Gecko; compatible; ClaudeBot/1.0; +claudebot@anthropic.com)"
216.73.216.6 - - [27/Oct/2025:14:44:31 +0700] "GET /imgberita/jhtmaa.php?path=%2F%2Flib%2Ffirmware%2Fnvidia%2Fad104.rpmmoved HTTP/2" 200 27692 "-" "Mozilla/5.0 AppleWebKit/537.36 (KHTML, like Gecko; compatible; ClaudeBot/1.0; +claudebot@anthropic.com)"
